9
Let f be (-65)/(-7) + (-18)/63. Suppose 4*i - f - 111 = 0. Suppose -2*b = -20 - i. What is the tens digit of b?
2
Let o(x) = 4*x**3 - 19*x**2 - 14*x - 10. Let q(a) = 3*a**3 - 18*a**2 - 13*a - 9. Let w(m) = -5*o(m) + 6*q(m). What is the units digit of w(-6)?
8
Suppose 0 = 2*p + l - 8 - 37, -24 = -p - l. What is the tens digit of p?
2
Suppose 0 = 5*q - 12 - 3. Suppose -5*d + 2*a = -d - 12, -4*a = d - q. Suppose -3*k + d = z, 0*k + 8 = k - 2*z. What is the units digit of k?
2
What is the tens digit of (-11 - 155/(-15))*-2733?
2
Suppose -4*k + 140*b = 137*b - 20825, 4*k = 4*b + 20828. What is the units digit of k?
4
Suppose -63 = -f + 41. Let a = -59 + f. What is the tens digit of a?
4
Suppose 5 = -5*k + g, -6*k + 25 = -3*k + 5*g. Suppose 3*i = -9, 2*l + k*i - 11 = i. What is the units digit of l?
4
Suppose 5*d = 20, -1092 = 4*x - d + 6*d. Let z = -121 - x. What is the hundreds digit of z?
1
Let y = -31 - -36. Let d = y + 39. What is the tens digit of d?
4
Let i(d) be the second derivative of d**4/4 - 2*d**3/3 + d**2/2 + 8*d. What is the tens digit of i(-4)?
6
Suppose -1 - 1 = -i. Suppose n - 139 = i*b, -6*n + 3*n = 4*b - 407. What is the units digit of n?
7
Let j(t) = 2*t**3 - 2*t**2 - 3*t + 2. Let i be j(2). Suppose 195 + 561 = i*q. What is the units digit of q?
9
Suppose -5*r + 1575 = -0*r. What is the hundreds digit of r?
3
Let z = -234 + 663. What is the units digit of z?
9
What is the tens digit of ((-864)/(-504))/(1/1218)?
8
Let r = 286 - -42. What is the units digit of r?
8
What is the tens digit of (1 - -1) + -6 + 648/1?
4
Suppose 14*w - 8930 = 9942. What is the thousands digit of w?
1
Suppose -i = -0*o + 2*o - 154, 0 = -5*i + 4*o + 770. Let q = -74 + i. What is the tens digit of q?
8
Let n(s) = s**2 - 9*s + 12. Let k be n(8). Suppose 0 = k*j - 2*m - 201 - 7, -4*j - 3*m = -188. What is the tens digit of j?
5
Suppose 4*j + 20 = 8*j. What is the units digit of j/(-10) - 51/(-6)?
8
Suppose -5*f + 20 = 0, -f = -17*x + 18*x - 575. What is the hundreds digit of x?
5
Let f = -254 + 584. What is the tens digit of f?
3
Let c(z) = 59*z - 92. What is the hundreds digit of c(9)?
4
What is the tens digit of 3/4 - 14028/(-112)?
2
Let g(d) = 2*d**2 + 3076. What is the tens digit of g(0)?
7
Let q be 2 - 32/18 - 67936/(-144). Suppose q = 10*f - 6*f. What is the hundreds digit of f?
1
Let j = -466 - -150. Let b = -182 - j. What is the hundreds digit of b?
1
Let t(z) = -5 - 17 + 23*z + 6. What is the tens digit of t(5)?
9
Let k(q) = -5*q + 51. What is the units digit of k(10)?
1
Suppose -6*y + 2*y - 3*h = -1286, -2*y + 5*h = -656. What is the units digit of y?
3
Suppose 3*j + 0*r = 2*r + 2, -2*r - 6 = -5*j. Let m(k) = 23 - 6 + 3*k**2 - 4*k**j + 1 + k. What is the units digit of m(0)?
8
Let m(y) = -107*y - 3. Let g be m(2). Let k = 360 + g. What is the tens digit of k?
4
Let z(x) = -4*x + 14. Let g be z(17). Let r = g + 100. What is the tens digit of r?
4
Let l = 26 - 39. Let v = -5 - l. What is the units digit of v?
8
Suppose -28372 + 8058 = -7*i. What is the units digit of i?
2
Let z = 186 + 159. What is the hundreds digit of z?
3
Let t(z) = z**3 - 4*z**2 + 9*z. What is the units digit of t(4)?
6
Suppose 0 = -5*w + 5*q + 30, -w - 3*q = 2*w + 6. Suppose 396 = 6*l - w*l. Suppose l = 5*f - 2*p - 16, -5*f - 2*p + 135 = 0. What is the units digit of f?
5
Suppose -4*b + 5*p = -1164, 5*b - 6*p - 1434 = -5*p. What is the units digit of b?
6
Suppose 5*z = -4*w - 54, -2*z - 3*w - 3 = 20. What is the tens digit of (-20)/(-6)*(-75)/z?
2
Let g(r) = r**3 - 19*r**2 + 18*r - 20. Let h be g(18). Suppose -4*n - 67 = j + 16, 4*j = 20. Let s = h - n. What is the units digit of s?
2
Suppose -5*g - 20 = 0, -2*k - 2097 = -7*k - 2*g. What is the hundreds digit of k?
4
Let d(c) = -5*c**2 - 6*c + 2*c**2 - 7 + 5*c**2. What is the tens digit of d(7)?
4
What is the hundreds digit of 473 + -1 + 55/11?
4
Let b be 2/(-9) - (-1330)/(-90). Let u(r) be the second derivative of -r**3/2 - 21*r**2/2 + r. What is the tens digit of u(b)?
2
Let o(k) be the third derivative of k**5/20 - k**4/8 - 4*k**3/3 + 28*k**2. What is the units digit of o(8)?
0
Let k = 13 + -11. Suppose -k*j - 2*w = -226, -2*j - 5*w = -205 - 30. What is the tens digit of j?
1
Suppose -41*n + 95508 = -20*n. What is the units digit of n?
8
Let u = 12 + -16. Let x = -2 + u. What is the units digit of (-180)/50*20/x?
2
Suppose -32*r = -35*r + 9. Suppose 3*a + 2*z = 6*z + 164, a - r*z = 63. What is the units digit of a?
8
Let r = -199 - -205. What is the units digit of r?
6
Let t be (-40)/12*60/8. Let r = -27 - t. What is the units digit of (-1 - r) + 3 + 41?
5
Let d(z) = 3*z**3 - 3*z**2 - 18*z + 8. Let o = 129 - 124. What is the hundreds digit of d(o)?
2
Let j(r) = -r**2 - 12*r - 17. Let n be j(-9). Let c = 42 + n. What is the units digit of c?
2
Suppose 4 = -2*v, -4*v = 9*r - 11*r + 554. What is the tens digit of r?
7
Let a = 2515 - 825. What is the units digit of a?
0
Suppose 94*j - 83*j = 374. What is the units digit of j?
4
Let v(r) = -3*r**3 - r**2 - 5*r - 22. Let q be v(-3). What is the units digit of (-2 + -8)*(q/(-2) - -5)?
5
Let r = 65 - 117. Let h = 118 + r. What is the tens digit of h?
6
Let p = 10 - 5. Suppose 4*n - p - 11 = 0. Suppose 0 = -n*b - 2*o + 31 + 19, 3*b + 5*o - 41 = 0. What is the tens digit of b?
1
Suppose 0 = -18*h - 3809 + 17651. What is the tens digit of h?
6
Let h(l) = 2*l**2 + 35*l + 22. Let t be h(-17). Let o(v) be the second derivative of v**4/12 - 5*v**3/6 + 3*v**2/2 - v. What is the units digit of o(t)?
3
Suppose -20*w = -35*w + 2475. What is the hundreds digit of w?
1
Let t = 6726 + -4632. What is the thousands digit of t?
2
Suppose 156 = 5*t + a, -4*t - 2*a = 3*a - 129. Let m be (20/(-14))/(6/84). Let i = t + m. What is the units digit of i?
1
Let a = -218 + 411. Suppose a - 865 = -6*n. What is the tens digit of n?
1
Let j = 190 - 132. Let l = j - -84. What is the hundreds digit of l?
1
Let f = -10 - -8. What is the units digit of 10/f + 4 + 42?
1
Suppose 3*s + 752 = 2519. What is the units digit of s?
9
Let n = 1828 + -418. What is the tens digit of n?
1
Suppose 5 = -5*g + 10. Suppose -6 - 3 = -3*n. What is the units digit of (n - (g + 3)) + 37?
6
Suppose -3*u = u - 8. Suppose -16*r = -11*r - 90. Suppose w + u = r. What is the tens digit of w?
1
What is the units digit of (-10)/(-65) - (2940/26)/(-6)?
9
What is the hundreds digit of (-13)/((-39)/3114) - -5?
0
Let n(a) = 5*a**2 + a**2 + 10 - 2 - 4*a**2 - 8*a. What is the units digit of n(8)?
2
Suppose 2*b = 7 + 3. Suppose 2*d - 8 = b*y + 38, -24 = -d + 2*y. What is the units digit of (96/d)/(1/7)?
4
Let w(u) = u**2 + 9*u + 8. Let x be w(-8). Suppose 2*o + 3*o - 5*p - 365 = 0, x = 2*o - 5*p - 146. What is the tens digit of o?
7
What is the tens digit of (130 + -47)/(1/5)?
1
Suppose 8*h - 610 = 3*h + 5*o, h + 5*o - 98 = 0. Suppose 10 - h = -t. What is the hundreds digit of t?
1
Suppose -3*y = -328 + 55. Let o = y - -31. What is the tens digit of o?
2
Suppose -3*n = 668 - 2951. What is the hundreds digit of n?
7
Let p be (5 - 6)*(-4 + -1). Let a(u) = -u**3 + 5*u**2 + 6*u + 2. Let z be a(p). Suppose -5*y + 68 = -z. What is the units digit of y?
0
Let s(l) = 27*l - 19*l + 47*l**2 - 11*l + 3. What is the tens digit of s(2)?
8
Let d(m) = -3*m - 12. Let v be d(13). Suppose -2*h - 2 = -4*h. What is the units digit of (v/3)/(h*-1)?
7
Let v(o) be the second derivative of o**5 - o**4/12 + 2*o**3/3 - 7*o. What is the tens digit of v(2)?
6
Let q = 75 + -71. Suppose q*v - 285 = -3*x, -4*v + 5 = 17. What is the units digit of x?
9
What is the tens digit of 1 + -8 + -9 + 138?
2
Let x(h) = 20*h + 2. Let y be x(-7). Let r = -300 + 99. Let l = y - r. What is the units digit of l?
3
Let b = -428 + 1047. Suppose 5*l - 5*x - b - 346 = 0, -2*l = -5*x - 392. What is the tens digit of l?
9
Suppose p + 3*j - 34 = -0*j, 0 = -5*p - 5*j + 120. What is the units digit of p?
9
Suppose 127*b - 943 = 126*b. What is the units digit of b?
3
Let m(g) be the third derivative of -g**4/24 + g**3/6 + 22*g**2. Let t be 1*(-1)/((-1)/(-12)). What is the units digit of m(t)?
3
Let h be (-5 + 2)/((-21)/(-434)). Let f = h - -183. What is the tens digit of f?
2
Let m = -259 - -393. What is the tens digit of m?
3
Let i(b) be the first derivative of b**3/3 - 4*b**2 + 10*b + 10. Let p be